{"id":180,"date":"2017-08-26T10:51:10","date_gmt":"2017-08-26T07:51:10","guid":{"rendered":"http:\/\/www.ktfb.org\/?page_id=180"},"modified":"2017-08-26T10:51:10","modified_gmt":"2017-08-26T07:51:10","slug":"fizyoterapiste-nasil-ulasirim","status":"publish","type":"page","link":"https:\/\/ktfb.org\/?page_id=180","title":{"rendered":"F\u0130ZYOTERAP\u0130STE NASIL ULA\u015eIRIM?"},"content":{"rendered":"<p>E\u011fer bir sa\u011fl\u0131k sorunu nedeniyle doktora ba\u015fvurmu\u015fsan\u0131z gerekli durumlarda doktorunuz sizi birlikte \u00e7al\u0131\u015ft\u0131\u011f\u0131 bir fizyoterapiste y\u00f6nlendirecektir. Fizyoterapistlere en s\u0131k hasta y\u00f6nlendiren birimler Ortopedi, Spor Hekimli\u011fi, N\u00f6roloji, Pediatrik N\u00f6roloji Beyin Sinir Cerrahisi, Romatoloji, G\u00f6\u011f\u00fcs Hastal\u0131klar\u0131, Kalp-Damar Cerrahisi ve Fiziksel T\u0131p ve Rehabilitasyon\u2019dur. E\u011fer y\u00f6nlendirme yap\u0131lmazsa doktorun vermi\u015f oldu\u011fu bilgiler ve te\u015fhisinizle fizyoterapiste bizzat siz ba\u015fvuruda bulunabilirsiniz. E\u011fer bir sa\u011fl\u0131k sorununuz yok ancak koruma ama\u00e7l\u0131 olarak dan\u0131\u015fmak isterseniz fizyoterapistlere direk ba\u015fvurabilirsiniz.<\/p>\n","protected":false},"excerpt":{"rendered":"<p>E\u011fer bir sa\u011fl\u0131k sorunu nedeniyle doktora ba\u015fvurmu\u015fsan\u0131z gerekli durumlarda doktorunuz sizi birlikte \u00e7al\u0131\u015ft\u0131\u011f\u0131 bir fizyoterapiste y\u00f6nlendirecektir. Fizyoterapistlere en s\u0131k hasta y\u00f6nlendiren birimler Ortopedi, Spor Hekimli\u011fi,<\/p>\n<div class=\"read-more-wrapper\"><a class=\"link small\" href=\"https:\/\/ktfb.org\/?page_id=180\" role=\"button\">Daha fazla<span class=\"nc-icon-glyph arrows-1_bold-right\"><\/span><\/a><\/div>\n","protected":false},"author":1,"featured_media":0,"parent":0,"menu_order":0,"comment_status":"closed","ping_status":"closed","template":"","meta":{"footnotes":""},"class_list":["post-180","page","type-page","status-publish","hentry"],"_links":{"self":[{"href":"https:\/\/ktfb.org\/index.php?rest_route=\/wp\/v2\/pages\/180","targetHints":{"allow":["GET"]}}],"collection":[{"href":"https:\/\/ktfb.org\/index.php?rest_route=\/wp\/v2\/pages"}],"about":[{"href":"https:\/\/ktfb.org\/index.php?rest_route=\/wp\/v2\/types\/page"}],"author":[{"embeddable":true,"href":"https:\/\/ktfb.org\/index.php?rest_route=\/wp\/v2\/users\/1"}],"replies":[{"embeddable":true,"href":"https:\/\/ktfb.org\/index.php?rest_route=%2Fwp%2Fv2%2Fcomments&post=180"}],"version-history":[{"count":1,"href":"https:\/\/ktfb.org\/index.php?rest_route=\/wp\/v2\/pages\/180\/revisions"}],"predecessor-version":[{"id":181,"href":"https:\/\/ktfb.org\/index.php?rest_route=\/wp\/v2\/pages\/180\/revisions\/181"}],"wp:attachment":[{"href":"https:\/\/ktfb.org\/index.php?rest_route=%2Fwp%2Fv2%2Fmedia&parent=180"}],"curies":[{"name":"wp","href":"https:\/\/api.w.org\/{rel}","templated":true}]}}