{"id":177,"date":"2017-08-26T10:49:53","date_gmt":"2017-08-26T07:49:53","guid":{"rendered":"http:\/\/www.ktfb.org\/?page_id=177"},"modified":"2017-08-26T10:49:53","modified_gmt":"2017-08-26T07:49:53","slug":"fizyoterapi-hangi-hastalik-ve-durumlarda-gerekli-olur","status":"publish","type":"page","link":"https:\/\/ktfb.org\/?page_id=177","title":{"rendered":"F\u0130ZYOTERAP\u0130 HANG\u0130 HASTALIK VE DURUMLARDA GEREKL\u0130 OLUR?"},"content":{"rendered":"<ul>\n<li>Bel, boyun, s\u0131rt, kal\u00e7a, diz, omuz gibi v\u00fccudun farkl\u0131 b\u00f6l\u00fcmlerini ilgilendiren a\u011fr\u0131l\u0131 sorunlar<\/li>\n<li>Serebral palsi, kas hastal\u0131klar\u0131 ve brakiyal pleksus gibi s\u0131kl\u0131kla \u00e7ocukluk \u00e7a\u011f\u0131nda te\u015fhis edilen hastal\u0131klar<\/li>\n<li>Spor sakatl\u0131klar\u0131n\u0131n tedavisi ve \u00f6nlenmesi<\/li>\n<li>Romatizmal hastal\u0131klarda ya\u015fam kalitesinin artt\u0131r\u0131lmas\u0131 veya s\u00fcrd\u00fcr\u00fclmesi<\/li>\n<li>Omurga ve eklem cerrahileri ile yaralanma sonras\u0131 olu\u015fan hareket k\u0131s\u0131tl\u0131l\u0131klar\u0131 ve a\u011fr\u0131l\u0131 durumlar<\/li>\n<li>Trafik kazas\u0131 ya da inme, MS, Parkinson gibi n\u00f6rolojik hastal\u0131klar sonras\u0131 g\u00f6r\u00fclen k\u0131smi ya da tam fel\u00e7 durumlar\u0131 ile hareket ve denge bozukluklar\u0131<\/li>\n<li>Kalp, kan dola\u015f\u0131m\u0131 ve solunum sistemini ilgilendiren sa\u011fl\u0131k sorunlar\u0131 ile bunlar\u0131n cerrahilerinden \u00f6nce ve sonra<\/li>\n<li>Bunlar ve benzeri pek \u00e7ok durum i\u00e7in fizyoterapistlerden hizmet alabilirsiniz.<\/li>\n<\/ul>\n","protected":false},"excerpt":{"rendered":"<p>Bel, boyun, s\u0131rt, kal\u00e7a, diz, omuz gibi v\u00fccudun farkl\u0131 b\u00f6l\u00fcmlerini ilgilendiren a\u011fr\u0131l\u0131 sorunlar Serebral palsi, kas hastal\u0131klar\u0131 ve brakiyal pleksus gibi s\u0131kl\u0131kla \u00e7ocukluk \u00e7a\u011f\u0131nda te\u015fhis<\/p>\n<div class=\"read-more-wrapper\"><a class=\"link small\" href=\"https:\/\/ktfb.org\/?page_id=177\" role=\"button\">Daha fazla<span class=\"nc-icon-glyph arrows-1_bold-right\"><\/span><\/a><\/div>\n","protected":false},"author":1,"featured_media":0,"parent":0,"menu_order":0,"comment_status":"closed","ping_status":"closed","template":"","meta":{"footnotes":""},"class_list":["post-177","page","type-page","status-publish","hentry"],"_links":{"self":[{"href":"https:\/\/ktfb.org\/index.php?rest_route=\/wp\/v2\/pages\/177","targetHints":{"allow":["GET"]}}],"collection":[{"href":"https:\/\/ktfb.org\/index.php?rest_route=\/wp\/v2\/pages"}],"about":[{"href":"https:\/\/ktfb.org\/index.php?rest_route=\/wp\/v2\/types\/page"}],"author":[{"embeddable":true,"href":"https:\/\/ktfb.org\/index.php?rest_route=\/wp\/v2\/users\/1"}],"replies":[{"embeddable":true,"href":"https:\/\/ktfb.org\/index.php?rest_route=%2Fwp%2Fv2%2Fcomments&post=177"}],"version-history":[{"count":1,"href":"https:\/\/ktfb.org\/index.php?rest_route=\/wp\/v2\/pages\/177\/revisions"}],"predecessor-version":[{"id":178,"href":"https:\/\/ktfb.org\/index.php?rest_route=\/wp\/v2\/pages\/177\/revisions\/178"}],"wp:attachment":[{"href":"https:\/\/ktfb.org\/index.php?rest_route=%2Fwp%2Fv2%2Fmedia&parent=177"}],"curies":[{"name":"wp","href":"https:\/\/api.w.org\/{rel}","templated":true}]}}