{"id":174,"date":"2017-08-26T10:47:55","date_gmt":"2017-08-26T07:47:55","guid":{"rendered":"http:\/\/www.ktfb.org\/?page_id=174"},"modified":"2017-08-26T10:47:55","modified_gmt":"2017-08-26T07:47:55","slug":"fizyoterapistler-ne-is-yaparlar","status":"publish","type":"page","link":"https:\/\/ktfb.org\/?page_id=174","title":{"rendered":"F\u0130ZYOTERAP\u0130STLER NE \u0130\u015e YAPARLAR?"},"content":{"rendered":"<p>Fizyoterapistler sa\u011fl\u0131kl\u0131 ki\u015filerde sa\u011fl\u0131\u011f\u0131n korunmas\u0131 ve geli\u015ftirilmesini sa\u011flarken, hastal\u0131k durumlar\u0131nda fizyoterapi rehabilitasyon y\u00f6ntemlerini kullanarak ki\u015finin eski durumuna d\u00f6nmesi ve iyile\u015fmesine destek olurlar. Fizyoterapistlerin, fel\u00e7 ge\u00e7irmi\u015f birinin yeniden y\u00fcr\u00fcmesi, beli a\u011fr\u0131yan bir ki\u015finin eskisi gibi hareket edebilir hale gelmesi, ya\u015flanmakta olan bir ki\u015finin kas ve kemik sa\u011fl\u0131\u011f\u0131n\u0131n korunmas\u0131, sakatlanan bir sporcunun sahalara geri d\u00f6nmesi ya da engelli bir \u00e7ocu\u011fun oturmay\u0131, y\u00fcr\u00fcmeyi \u00f6\u011frenmesi gibi hedefleri vard\u0131r. Fizyoterapistler 7\u2019den 70\u2019e b\u00fct\u00fcn ya\u015f gruplar\u0131 ve pek \u00e7ok hastal\u0131k i\u00e7in tedavi se\u00e7enekleri sunabilir, daha kaliteli bir ya\u015fam i\u00e7in size destek olabilirler.<\/p>\n","protected":false},"excerpt":{"rendered":"<p>Fizyoterapistler sa\u011fl\u0131kl\u0131 ki\u015filerde sa\u011fl\u0131\u011f\u0131n korunmas\u0131 ve geli\u015ftirilmesini sa\u011flarken, hastal\u0131k durumlar\u0131nda fizyoterapi rehabilitasyon y\u00f6ntemlerini kullanarak ki\u015finin eski durumuna d\u00f6nmesi ve iyile\u015fmesine destek olurlar. Fizyoterapistlerin, fel\u00e7 ge\u00e7irmi\u015f<\/p>\n<div class=\"read-more-wrapper\"><a class=\"link small\" href=\"https:\/\/ktfb.org\/?page_id=174\" role=\"button\">Daha fazla<span class=\"nc-icon-glyph arrows-1_bold-right\"><\/span><\/a><\/div>\n","protected":false},"author":1,"featured_media":0,"parent":0,"menu_order":0,"comment_status":"closed","ping_status":"closed","template":"","meta":{"footnotes":""},"class_list":["post-174","page","type-page","status-publish","hentry"],"_links":{"self":[{"href":"https:\/\/ktfb.org\/index.php?rest_route=\/wp\/v2\/pages\/174","targetHints":{"allow":["GET"]}}],"collection":[{"href":"https:\/\/ktfb.org\/index.php?rest_route=\/wp\/v2\/pages"}],"about":[{"href":"https:\/\/ktfb.org\/index.php?rest_route=\/wp\/v2\/types\/page"}],"author":[{"embeddable":true,"href":"https:\/\/ktfb.org\/index.php?rest_route=\/wp\/v2\/users\/1"}],"replies":[{"embeddable":true,"href":"https:\/\/ktfb.org\/index.php?rest_route=%2Fwp%2Fv2%2Fcomments&post=174"}],"version-history":[{"count":1,"href":"https:\/\/ktfb.org\/index.php?rest_route=\/wp\/v2\/pages\/174\/revisions"}],"predecessor-version":[{"id":175,"href":"https:\/\/ktfb.org\/index.php?rest_route=\/wp\/v2\/pages\/174\/revisions\/175"}],"wp:attachment":[{"href":"https:\/\/ktfb.org\/index.php?rest_route=%2Fwp%2Fv2%2Fmedia&parent=174"}],"curies":[{"name":"wp","href":"https:\/\/api.w.org\/{rel}","templated":true}]}}