{"id":169,"date":"2017-08-26T10:45:38","date_gmt":"2017-08-26T07:45:38","guid":{"rendered":"http:\/\/www.ktfb.org\/?page_id=169"},"modified":"2017-08-26T10:45:38","modified_gmt":"2017-08-26T07:45:38","slug":"fizyoterapi-ve-rehabilitasyon-egitimi","status":"publish","type":"page","link":"https:\/\/ktfb.org\/?page_id=169","title":{"rendered":"F\u0130ZYOTERAP\u0130 VE REHAB\u0130L\u0130TASYON E\u011e\u0130T\u0130M\u0130"},"content":{"rendered":"<p>Fizyoterapist olmak i\u00e7in \u00fcniversite s\u0131nav\u0131nda y\u00fcksek puanlar, alarak fizyoterapi ve rehabilitasyon lisans e\u011fitimi veren fak\u00fclte ve y\u00fcksekokullara girmek gerekmektedir. Okulda verilen e\u011fitim 4 y\u0131l olup dileyenler y\u00fcksek lisans ve doktora yapabilmektedir. Fizyoterapistler, \u00fcniversite e\u011fitimleri s\u0131ras\u0131nda, anatomi, fizyoloji, n\u00f6roloji, ortopedi, beyin sinir cerrahisi, kad\u0131n hastal\u0131klar\u0131 ve do\u011fum, histoloji, patoloji, dahiliye, romatoloji, pediatrik n\u00f6roloji ve n\u00f6roanatomi, farmakoloji gibi temel t\u0131p bilimleri yan\u0131nda, biyomekanik, \u0131s\u0131-\u0131\u015f\u0131k, kinezyoloji, psikoloji, rehabilitasyon ilkeleri, normal motor geli\u015fim, manipulatif tedavi, elektroterapi, n\u00f6rofizyolojik yakla\u015f\u0131mlar, kardiyak rehabilitasyon, n\u00f6rolojik rehabilitasyon, protez, ortez ve rehabilitasyon, i\u015f ve u\u011fra\u015f\u0131 tedavisi, sporcu sa\u011fl\u0131\u011f\u0131, tedavi hareketleri ve psikososyal rehabilitasyon gibi kapsaml\u0131, mesle\u011fe \u00f6zg\u00fc teorik ve pratik dersler almaktad\u0131rlar. E\u011fitimin 2. ve 3. s\u0131n\u0131flar\u0131nda 2 \u015fer haftal\u0131k 4.s\u0131n\u0131fta ise y\u0131l boyunca s\u00fcren klinik stajlar, y\u0131l sonunda ise hastalar \u00fczerinde uygulama ve de\u011ferlendirme s\u00fcrecini i\u00e7eren bitirme s\u0131nav\u0131 uygulanmaktad\u0131r.<\/p>\n","protected":false},"excerpt":{"rendered":"<p>Fizyoterapist olmak i\u00e7in \u00fcniversite s\u0131nav\u0131nda y\u00fcksek puanlar, alarak fizyoterapi ve rehabilitasyon lisans e\u011fitimi veren fak\u00fclte ve y\u00fcksekokullara girmek gerekmektedir. Okulda verilen e\u011fitim 4 y\u0131l olup<\/p>\n<div class=\"read-more-wrapper\"><a class=\"link small\" href=\"https:\/\/ktfb.org\/?page_id=169\" role=\"button\">Daha fazla<span class=\"nc-icon-glyph arrows-1_bold-right\"><\/span><\/a><\/div>\n","protected":false},"author":1,"featured_media":0,"parent":0,"menu_order":0,"comment_status":"closed","ping_status":"closed","template":"","meta":{"footnotes":""},"class_list":["post-169","page","type-page","status-publish","hentry"],"_links":{"self":[{"href":"https:\/\/ktfb.org\/index.php?rest_route=\/wp\/v2\/pages\/169","targetHints":{"allow":["GET"]}}],"collection":[{"href":"https:\/\/ktfb.org\/index.php?rest_route=\/wp\/v2\/pages"}],"about":[{"href":"https:\/\/ktfb.org\/index.php?rest_route=\/wp\/v2\/types\/page"}],"author":[{"embeddable":true,"href":"https:\/\/ktfb.org\/index.php?rest_route=\/wp\/v2\/users\/1"}],"replies":[{"embeddable":true,"href":"https:\/\/ktfb.org\/index.php?rest_route=%2Fwp%2Fv2%2Fcomments&post=169"}],"version-history":[{"count":1,"href":"https:\/\/ktfb.org\/index.php?rest_route=\/wp\/v2\/pages\/169\/revisions"}],"predecessor-version":[{"id":170,"href":"https:\/\/ktfb.org\/index.php?rest_route=\/wp\/v2\/pages\/169\/revisions\/170"}],"wp:attachment":[{"href":"https:\/\/ktfb.org\/index.php?rest_route=%2Fwp%2Fv2%2Fmedia&parent=169"}],"curies":[{"name":"wp","href":"https:\/\/api.w.org\/{rel}","templated":true}]}}